third derivative of -t**4/8 - t**3/3 - 114*t**2. Let y be (0 + 2)/((-2)/2). Calculate z(y).
4
Let c(s) = 21*s + 2. Let f(y) = 40*y + 6. Let o(n) = 5*c(n) - 3*f(n). Calculate o(-4).
52
Let t(f) = -1. Let u(c) = -3*c - 6. Let j(k) = 14*t(k) - 2*u(k). Let q(m) = -m**2 + 9*m + 13. Let n be q(10). What is j(n)?
16
Let r(d) be the first derivative of -d**4/2 + d**3/3 + 3*d**2/2 - 3*d + 54. Give r(2).
-9
Let m(u) = 4*u - 15. Let w(l) = 8*l - 28. Let r(z) = -7*m(z) + 4*w(z). What is r(6)?
17
Let y(q) = q + 8. Suppose -m - 39 = m - 3*f, -4*f = 3*m + 50. Let s = 10 + -145. Let r be 2/(-3)*s/m. What is y(r)?
3
Suppose 4*g - 40 = -4*g. Suppose 16 = j - 0*j - g*f, -5*j = -3*f + 30. Let v(y) = -y**3 - 10*y**2 - 7*y + 11. What is v(j)?
-7
Let m(d) be the second derivative of -3*d**5/10 + d**3/3 + d**2/2 - 8*d + 1. Let y(c) = -5*c**2 - c. Let b be y(1). Let k be 6/(-4)*b/(-9). Determine m(k).
5
Let g(x) = 21*x**3 - 10*x**2 + 8*x + 1. Let q be g(1). Let w(z) = -3*z + 65. Calculate w(q).
5
Suppose 0*o - 2*o + 8 = 0. Let s(m) = -o*m - 7*m + 9*m. What is s(5)?
-10
Let x(w) be the second derivative of -w**3/3 - 5*w**2/2 + 492*w. Determine x(-5).
5
Let t(r) = 2*r + 4. Suppose -56 = 6*d + 34. Let i be (-28)/5 + 6/d. Let s be t(i). Let m(a) = -a - 10. What is m(s)?
-2
Let j(d) = d**2 - 3. Let s be j(4). Suppose 2 + s = c. Let l be 2/(-6) + (-55)/c. Let w(t) = t**3 + 5*t**2 + 2*t - 1. Give w(l).
7
Let w = -27 + 29. Let b(s) = 3 - 2*s**2 + 4*s**w - 6*s + 2*s + s**3 + 3*s. Determine b(-3).
-3
Suppose 4*r + 4*q - 16 = 2*q, 4*r = -q + 20. Let w(x) = 5*x + 5. Let s(l) = 5*l + 4. Let h(m) = r*s(m) - 5*w(m). What is h(-2)?
-11
Let s(w) = 2*w**2 + w + 1. Let y(x) = 6*x**2 + 2*x + 7. Let n(t) = 4*s(t) - y(t). Calculate n(-5).
37
Let j(g) = -g**3 + 7*g**2 - 6*g + 2. Let y be ((-2275)/30)/(-13) + 4/24. Give j(y).
2
Let x(s) = -3*s - 4. Let z(j) = -13*j - 18. Let r(w) = -9*x(w) + 2*z(w). Give r(1).
1
Let p = -1182 - -1194. Let i(l) be the third derivative of -1/6*l**3 + 0 + p*l**2 + 1/12*l**5 + 0*l - 1/120*l**6 + 5/24*l**4. What is i(6)?
-7
Let i(v) = -5*v**2 + v + 3. Let k(o) = 6*o**2 - 2*o - 3. Let r(q) = -4*i(q) - 3*k(q). Let y = -16 + 13. Determine r(y).
9
Suppose 3*q - 6*v = -4*v + 50, -20 = -2*q - 2*v. Suppose 6*f - q = 4. Let w(x) = 1 + 2 - 1 - f + 16*x. Calculate w(1).
15
Let d(l) = -2*l**3 + 2*l**2 + 4*l - 1. Let h(i) = 3*i**2 - 34*i + 14. Let v be h(11). What is d(v)?
-25
Let z be (2/6)/(2/12). Suppose z*m = -2*y - 2, -3*m = -2*m. Let x(j) = 10*j - 1 + 12*j - 41*j - 7*j**3 + 18*j. Determine x(y).
7
Suppose 3*p + 0*p - 5*z = 20, -3*p - 3*z = -12. Suppose -p*h + 25 = -10*h. Let u(d) = -2*d + 6. Let y(s) = -1. Let w(b) = h*y(b) - u(b). Give w(2).
3
Let z(k) = -5*k**2 + 15*k - 26. Let c(q) = 7*q**2 - 13*q + 27. Let b(l) = 3*c(l) + 4*z(l). Give b(-22).
-1
Let l(u) be the first derivative of -2*u**2 - 3*u - 2. Suppose 0 = -8*o + 7*o + 5. Calculate l(o).
-23
Let w(z) = 11*z + 20. Let u(r) = -12*r - 25. Let t(m) = -4*u(m) - 5*w(m). Calculate t(1).
-7
Suppose -3*a - 2*a = -2*q - 7, 2*a + 3*q = -1. Let y(w) = w + 0*w**2 + 0*w**3 + w**3 + 2*w**3 - 2*w**2. What is y(a)?
2
Let s(l) = 3*l**2 - l + 1. Let m = 267 - 265. Calculate s(m).
11
Let o be (-144)/22 - (-66)/121. Let g(a) = -3*a - 8. What is g(o)?
10
Suppose 31*d - 36*d = 45. Let n be (34/(-6) - -1)*d/(-6). Let s(u) = -u**3 - 6*u**2 + 11*u + 9. Determine s(n).
-19
Let n(g) = g**2 + 6*g + 4. Let u be n(-4). Let k(i) = -3 - 1 - i + 7 + 3*i. Give k(u).
-5
Let i(l) = -19 - 8*l + 46 - 28. Determine i(-2).
15
Let s(z) = 3*z**2 - 16*z + 14. Let t(g) = g**2 - 4*g + 4. Let o(r) = -2*s(r) + 7*t(r). Let m be 3*((-16)/6 + 2). What is o(m)?
-4
Let u = 2 + -3. Let w(p) = -4. Let a(s) = s + 1. Let q(r) = u*w(r) - 3*a(r). Suppose 5*c + 1 = 6*c. Calculate q(c).
-2
Let m(a) = -6*a - 3. Let t(s) = -7*s - 10. Let n(c) = 21*c + 29. Let p(q) = 6*n(q) + 17*t(q). Let o(x) = -6*m(x) - 5*p(x). Determine o(-3).
-5
Let f be (-3)/((42/(-12))/7). Let i(d) = 2*d - 11. Let s(p) = p - 6. Let h(x) = -3*i(x) + 5*s(x). Determine h(f).
-3
Suppose -5 - 3 = 2*n. Let h(b) = b + 1. Let c(z) = 5*z - 2. Let l(j) = n*h(j) + c(j). Calculate l(9).
3
Let o(d) = 7*d + 7. Let r(i) = i + 1. Let u(v) = -o(v) + 6*r(v). Let p = 997 + -994. What is u(p)?
-4
Let w(z) be the first derivative of 29*z**2/2 + z + 31. Calculate w(-1).
-28
Suppose 350*u - 349*u - 8 = 0. Let n(c) = c**3 - 8*c**2 + 4*c + 11. Give n(u).
43
Let z(v) = -v**3 + 6*v**2 + 26*v + 13. Let i be z(9). Let k(o) = 2*o + 3*o + 12 - 2*o - i*o. What is k(8)?
4
Let v(s) = -5*s**2 - 30*s - 58. Let m(h) = 3*h**2 + 20*h + 36. Let p(w) = -8*m(w) - 5*v(w). Determine p(8).
-14
Let f(a) = -11*a**3 + a**2 - a. Let z(q) = -q**2 + 2*q + 4. Let i be z(4). Let y be 14/i + (-9)/6. Let x = 6 + y. Give f(x).
-11
Let t(s) be the second derivative of -s**5/20 - 7*s**4/12 - s**3/2 + 3*s**2 - s. Suppose 42 = 4*d - 11*d. Determine t(d).
-12
Let h(l) = l**2 - l + 7. Suppose -3*x - 4*g = 4, -2*x - 2 = 4*g + 2. Give h(x).
7
Let s be -9 + -6*4/16*-2. Let l(m) = -2*m**2 - 12*m - 1. Let d be l(s). Let y(a) = -2*a**2 - 1. What is y(d)?
-3
Let y(r) = r. Let g(b) = -4*b - 3. Let w = 4 + -6. Let c be g(w). Determine y(c).
5
Let z(y) = 6*y**3 + 2*y**2 - 1. Let t(h) = 3*h - 14. Let p(f) = f - 5. Let n(w) = 17*p(w) - 6*t(w). Let d be n(-2). Determine z(d).
7
Let k(w) = -w**3 - 8*w**2 - 8*w + 2. Let q be 36/6 + -7 + -6. Give k(q).
9
Let l(b) be the first derivative of 0*b + 5/4*b**4 - 2 - 1/3*b**3 - 1/2*b**2. Calculate l(-1).
-5
Let z(t) = -11*t**2 - 8*t - 5. Let j(g) = 30*g**2 + 23*g + 14. Let v(q) = -4*j(q) - 11*z(q). Determine v(6).
11
Let h(v) = -v**3 - 1 - 7 - 2 + 4 - 5*v**2 - v. Calculate h(-6).
36
Let j(y) = y**3 - 6*y**2 + 3*y - 20. Let b be j(6). Let z be b/(-9) + (-30)/135. Let s(w) = w**2 + 2. Determine s(z).
2
Let a(z) be the first derivative of -z**4/4 + 3*z - 31. Give a(-3).
30
Let t(j) be the third derivative of -j**4/24 + 4*j**3/3 + 1048*j**2. Suppose -10 = -0*p - 5*p. Let i be 1/2*(p + 8). What is t(i)?
3
Let t be (-7)/21 - (-1)/(3/(-11)). Suppose -2*h = 2*h + 3*g - 25, -5*h = g - 45. Let m = h + t. Let i(f) = f**3 - 7*f**2 + 7*f - 1. Give i(m).
5
Let d(o) = -o + 7. Suppose -u + 1 = -24. Suppose 0 = -5*a + 10 + u. What is d(a)?
0
Let s = 3 + -6. Let f = -14 + 16. Let q(c) = -4 + c**2 - 4*c**2 + c**f + 5 - 3*c. Calculate q(s).
-8
Let m(b) = 4 + 2*b + 2*b**3 - 2 - 3*b**3 + 6*b**2 - b - 7*b. What is m(5)?
-3
Let p(w) be the second derivative of -w**3/6 + 7*w**2 + 53*w. Suppose -13*y + 151 = -5. Give p(y).
2
Let r(x) be the first derivative of -x**3/3 + 13*x**2/2 + 23*x + 34. Let a be r(14). Let n(l) = -l + 18. Determine n(a).
9
Let p(w) = -w**3 - 1. Let u(r) = -4*r**3 - 7*r**2 + 6*r - 11. Let o(j) = 5*p(j) - u(j). Let v be 3/(-2)*(-4)/3. Suppose -l - v*l = -18. What is o(l)?
6
Let o(w) = -13*w**3 + w - 1. Suppose -2*f + 45 = f. Let m = f + -10. Suppose 0 = -0*n - m*n + 5. What is o(n)?
-13
Let m(w) = -1 - 1 + 1. Let d(y) = -y**3 - 7*y**2 - 6*y + 2. Let f(t) = -d(t) - 3*m(t). Suppose 5*u - 3*h + 2*h + 25 = 0, -2*u + 2*h - 2 = 0. Give f(u).
1
Let x(d) = -d + 4. Suppose 81 = -3*k - 48. Let a = -34 - k. What is x(a)?
-5
Let g(u) be the third derivative of -u**7/105 + u**6/360 - u**5/120 + u**4/24 - 7*u**3/6 + 6*u**2. Let y(o) be the first derivative of g(o). Determine y(1).
-7
Let g be 30/(-45)*(-3)/(-2). Let a(f) be the third derivative of 5*f**4/12 + 4*f**2. What is a(g)?
-10
Let l(u) = -u**2 + 8*u - 10. Let j be l(6). Let s(x) = -j*x - 15 + 18 + 4*x - 7. What is s(5)?
6
Suppose 0 = -3*x - g + 2*g - 41, 48 = -4*x - 2*g. Let m = x + 14. Let w(v) = 4*v**2 - 2*v + 1. Determine w(m).
3
Let t(r) = r**2 + r - 2. Let g(w) = 10*w**2 - 12*w - 2. Let n(x) = g(x) - 12*t(x). Give n(-13).
-4
Suppose 0 = -5*f - 31 - 9. Let x be 12*(3 - -1)/f. Let s(t) be the first derivative of t**2 - 2*t + 6. Determine s(x).
-14
Suppose -13 = -5*n + 7. Let f(b) be the third derivative of 1/8*b**4 - 1/15*b**5 + 0*b + 0 - b**3 - 13*b**2 + 1/120*b**6. Determine f(n).
6
Let s(w) = -2*w**2 - 3*w + 3. Suppose 5*a - 21*k + 18*k = 4, 3*k = 3*a. What is s(a)?
-11
Let h(r) = -r**2 + 5*r + 8. Let q = 101 - 95. Suppose q*z - 7 = 5*z. Calculate h(z).
-6
Let z(j) = -3*j**2 - 29*j - 38. Let w be z(-8). Let s(u) be the first derivative of 1/4*u**4 + 3/2*u**w + u**3 + 3*u + 8. Give s(